its digit of 25944?
4
What is the tens digit of 752?
5
What is the tens digit of 4257?
5
What is the hundreds digit of 6954?
9
What is the hundreds digit of 3041?
0
What is the thousands digit of 13449?
3
What is the hundreds digit of 5561?
5
What is the thousands digit of 55906?
5
What is the hundreds digit of 9675?
6
What is the tens digit of 147?
4
What is the hundreds digit of 54161?
1
What is the thousands digit of 5832?
5
What is the hundreds digit of 980?
9
What is the units digit of 2292?
2
What is the hundreds digit of 897?
8
What is the hundreds digit of 2630?
6
What is the hundreds digit of 748?
7
What is the hundreds digit of 8778?
7
What is the hundreds digit of 13109?
1
What is the tens digit of 28156?
5
What is the tens digit of 973?
7
What is the thousands digit of 85419?
5
What is the units digit of 3504?
4
What is the ten thousands digit of 10429?
1
What is the tens digit of 4938?
3
What is the hundreds digit of 1238?
2
What is the tens digit of 4534?
3
What is the thousands digit of 13630?
3
What is the hundreds digit of 4182?
1
What is the hundreds digit of 4517?
5
What is the tens digit of 2780?
8
What is the tens digit of 50172?
7
What is the units digit of 1177?
7
What is the tens digit of 847?
4
What is the hundreds digit of 5567?
5
What is the ten thousands digit of 10553?
1
What is the thousands digit of 7314?
7
What is the hundreds digit of 19936?
9
What is the ten thousands digit of 59980?
5
What is the tens digit of 2381?
8
What is the hundreds digit of 139?
1
What is the units digit of 739?
9
What is the ten thousands digit of 121293?
2
What is the tens digit of 1476?
7
What is the thousands digit of 2250?
2
What is the hundreds digit of 399?
3
What is the tens digit of 1996?
9
What is the hundreds digit of 11440?
4
What is the units digit of 4668?
8
What is the tens digit of 160347?
4
What is the units digit of 54?
4
What is the tens digit of 26360?
6
What is the ten thousands digit of 13463?
1
What is the hundreds digit of 42274?
2
What is the tens digit of 3952?
5
What is the units digit of 1086?
6
What is the tens digit of 1405?
0
What is the hundreds digit of 1286?
2
What is the thousands digit of 3829?
3
What is the hundreds digit of 965?
9
What is the hundreds digit of 1026?
0
What is the hundreds digit of 11488?
4
What is the thousands digit of 33629?
3
What is the tens digit of 2325?
2
What is the hundreds digit of 253?
2
What is the units digit of 37?
7
What is the ten thousands digit of 89485?
8
What is the thousands digit of 13453?
3
What is the hundreds digit of 192?
1
What is the units digit of 15236?
6
What is the units digit of 152947?
7
What is the ten thousands digit of 117055?
1
What is the tens digit of 900?
0
What is the tens digit of 1335?
3
What is the hundreds digit of 23400?
4
What is the thousands digit of 1620?
1
What is the tens digit of 2134?
3
What is the thousands digit of 4473?
4
What is the thousands digit of 5921?
5
What is the ten thousands digit of 12270?
1
What is the hundred thousands digit of 140844?
1
What is the ten thousands digit of 26281?
2
What is the units digit of 939?
9
What is the tens digit of 9869?
6
What is the tens digit of 5300?
0
What is the hundreds digit of 1304?
3
What is the hundreds digit of 17924?
9
What is the units digit of 3630?
0
What is the hundreds digit of 5518?
5
What is the hundreds digit of 10488?
4
What is the thousands digit of 2845?
2
What is the thousands digit of 70593?
0
What is the hundreds digit of 4205?
2
What is the tens digit of 1102?
0
What is the tens digit of 36582?
8
What is the units digit of 72720?
0
What is the units digit of 373?
3
What is the ten thousands digit of 49514?
4
What is the units digit of 8871?
1
What is the thousands digit of 3165?
3
What is the tens digit of 11991?
9
What is the units digit of 5686?
6
What is the thousands digit of 33657?
3
What is the units digit of 18420?
0
What is the thousands digit of 12495?
2
What is the ten thousands digit of 13919?
1
What is the units digit of 9426?
6
What is the units digit of 473?
3
What is the ten thousands digit of 27881?
2
What is the tens digit of 865?
6
What is the ten thousands digit of 60061?
6
What is the thousands digit of 6036?
6
What is the tens digit of 3007?
0
What is the tens digit of 675?
7
What is the units digit of 261?
1
What is the tens digit of 7427?
2
What is the units digit of 176?
6
What is the hundreds digit of 20125?
1
What is the thousands digit of 1866?
1
What is the tens digit of 1061?
6
What is the units digit of 1086?
6
What is the hundreds digit of 40963?
9
What is the hundreds digit of 909?
9
What is the hundreds digit of 195?
1
What is the hundreds digit of 19229?
2
What is the hundreds digit of 1058?
0
What is the tens digit of 1503?
0
What is the tens digit of 2380?
8
What is the hundreds digit of 9176?
1
What is the tens digit of 3752?
5
What is the thousands digit of 130290?
0
What is the ten thousands digit of 97558?
9
What is the thousands digit of 2560?
2
What is the hundreds digit of 323?
3
What is the thousands digit of 7575?
7
What is the tens digit of 72457?
5
What is the hundreds digit of 426?
4
What is the tens digit of 17858?
5
What is the thousands digit of 13998?
3
What is the thousands digit of 1830?
1
What is the tens digit of 32869?
6
What is the tens digit of 10093?
9
What is the units digit of 6078?
8
What is the units digit of 1914?
4
What is the thousands digit of 2229?
2
What is the tens digit of 30645?
4
What is the hundreds digit of 2706?
7
What is the thousands digit of 12438?
2
What is the thousands digit of 10234?
0
What is the tens digit of 7083?
8
What is the hundreds digit of 12213?
2
What is the units digit of 22842?
2
What is the tens digit of 29446?
4
What is the thousands digit of 1245?
1
What is the units digit of 423?
3
What is the tens digit of 3717?
1
What is the tens digit of 26402?
0
What is the tens digit of 6424?
2
What is the ten thousands digit of 34562?
3
What is the hundreds digit of 24944?
9
What is the thousands digit of 27545?
7
What is the tens digit of 56838?
3
What is the thousands digit of 21067?
1
What is the hundreds digit of 352?
3
What is the units digit of 99483?
3
What is the thousands digit of 2947?
2
What is the units digit of 27953?
3
What is the ten thousands digit of 67851?
6
What is the hundreds digit of 2125?
1
What is the tens digit of 1170?
7
What is the units digit of 5566?
6
What is the hundreds digit of 713?
7
What is the thousands digit of 91209?
1
What is the hundreds digit of 4611?
6
What is the hundreds digit of 187?
1
What is the units digit of 3091?
1
What is the ten thousands digit of 49232?
4
What is the tens digit of 5685?
8
What is the thousands digit of 1650?
1
What is the hundreds digit of 693?
6
What is the units digit of 128?
8
What is the tens digit of 1330?
3
What is the tens digit of 1820?
2
What is the thousands digit of 5102?
5
What is the hundreds digit of 9454?
4
What is the units digit of 1180?
0
What is the tens digit of 31749?
4
What is the units digit of 950?
0
What is the hundreds digit of 1741?
7
What is the tens digit of 3732?
3
What is the units digit of 1908?
8
What is the hundreds digit of 558?
5
What is the tens digit of 221?
2
What is the units digit of 91255?
5
What is the tens digit of 2782?
8
What is the tens digit of 22018?
1
What is the thousands digit of 2655?
2
What is the tens digit of 46651?
5
What is the tens digit of 1881?
8
What is the units digit of 1063?
3
What is the thousands digit of 86017?
6
What is the thousands digit of 6905?
6
What is the thousands digit of 18176?
8
What is the units digit of 26657?
7
What is the thousands digit of 7342?
7
What is the thousands digit of 1963?
1
What is the ten thousands digit of 21711?
2
What is the hundreds digit of 2191?
1
What is the units digit of 884?
4
What is the tens digit of 78542?
4
What is the hundreds digit of 8309?
3
What is the units digit of 15120?
0
What is the units digit of 5305?
5
What is the units digit of 969?
9
What is the hundreds digit of 94680?
6
What is the hundreds digit of 8765?
7
What is the tens digit of 333?
3
What is the tens digit of 523?
2
What is the hundreds digit of 29818?
8
What is the tens digit of 43?
4
What is the tens digit of 9623